) = -c + 3. Determine v(-4).
7
Let l(n) = n**2 + 9*n + 1. Determine l(-9).
1
Let c(q) = 4*q**3 - q**2 + 2. Give c(2).
30
Let l(o) = o**3 + o**2 - 14*o - 1. Determine l(-4).
7
Let o(y) = -y**2 + 5*y + 3. Determine o(6).
-3
Let r(o) = -20*o - 4. What is r(-4)?
76
Let v(q) = q**3 - 5*q**2 + 4*q - 2. Calculate v(3).
-8
Let z(j) = 2*j**3 - 3*j**2 - 9*j. Calculate z(4).
44
Let y(b) = b**2 + 17*b - 15. Give y(-11).
-81
Let j(y) = y**3 - 8*y**2 + 4*y + 17. Calculate j(7).
-4
Let x(b) = -39*b + 37. Give x(-4).
193
Let q(t) = -t**3 - 3*t**2 - t - 31. Calculate q(0).
-31
Let z(a) = a**3 + 11*a**2 - 79*a + 14. Calculate z(-16).
-2
Let m(f) = -6*f - 19. Give m(0).
-19
Let h(n) = n**2 - 11*n + 28. Give h(8).
4
Let o(b) = -b**3 - 18*b**2 - 19*b - 28. What is o(-17)?
6
Let h(x) = -x**2 + 5*x - 3. Give h(5).
-3
Let a(m) = -31*m - 68. Calculate a(-2).
-6
Let l(t) = t**2 - 10*t + 23. Determine l(6).
-1
Let f(y) = 13*y - 46. Determine f(4).
6
Let z(l) = 8*l - 7. Calculate z(3).
17
Let o(u) = u**3 + 13*u**2 + 8*u + 43. What is o(-13)?
-61
Let z(f) = -2*f**3 + 9*f**2 - 2*f - 3. What is z(4)?
5
Let j(s) = -s**3 - 10*s**2 + 14*s + 8. Calculate j(-11).
-25
Let m(g) = -g**3 + 14*g**2 + 32*g - 6. What is m(16)?
-6
Let d(j) = -9*j**2 + 225*j + 2. What is d(25)?
2
Let i(f) = 17*f + 114. What is i(-10)?
-56
Let g(n) = 2*n**3 - 2*n**2 - 4*n + 3. Determine g(3).
27
Let u(q) = 17*q**2 + 2*q - 2. Calculate u(1).
17
Let o(t) = -8*t - 3. What is o(6)?
-51
Let o(b) = b**2 + 5*b - 20. Determine o(-8).
4
Let p(k) = 5*k**2 + 53*k + 24. Calculate p(-10).
-6
Let q(f) = -6*f - 77. Calculate q(-14).
7
Let y(b) = 4*b - 105. What is y(25)?
-5
Let i(m) = -m**3 + 5*m**2 - 5*m + 7. Calculate i(4).
3
Let k(l) = -l**2 - 38*l - 191. Determine k(-32).
1
Let z(b) = -b**3 + 4*b**2 - 2*b + 5. Give z(4).
-3
Let d(m) = -48*m + 105. Determine d(4).
-87
Let b(v) = v**3 + 7*v**2 + 8*v + 7. Calculate b(-6).
-5
Let z(k) = -k**2 - k + 30. What is z(8)?
-42
Let f(o) = 2*o**2 + 9*o + 3. What is f(-4)?
-1
Let l(s) = 8*s - 10. What is l(18)?
134
Let v(h) = -h**2 + 13*h - 4. Give v(13).
-4
Let w(f) = 5*f**2 + 2*f + 4. Determine w(-3).
43
Let p(k) = 16*k. Determine p(2).
32
Let p(k) = k**2 + 7*k + 12. Calculate p(-8).
20
Let k(y) = y - 8. Give k(6).
-2
Let j(c) = 6*c + 65. Calculate j(-10).
5
Let w(p) = -p + 32. Calculate w(-3).
35
Let u(o) = 8*o + 4. Determine u(-3).
-20
Let y(l) = -3*l**2 - 13*l - 7. Calculate y(-2).
7
Let y(z) = -2*z**3 + z - 1. What is y(2)?
-15
Let n(j) = j**2 + 5*j - 9. Calculate n(-6).
-3
Let m(z) = 4*z + 140. Calculate m(-36).
-4
Let y(b) = -3*b**2 - 4*b - 16. Calculate y(-6).
-100
Let s(t) = -t**3 + 11*t**2 - 33*t - 7. Determine s(6).
-25
Let t(m) = 2*m**3 - 17*m**2 - 29*m - 8. Determine t(10).
2
Let r(p) = p**2 + 14*p + 16. Calculate r(-18).
88
Let t(h) = h**3 + 78*h**2 + 149*h - 227. Calculate t(-76).
1
Let o(f) = -13*f + 72. What is o(8)?
-32
Let t(a) = -7*a - 8. Calculate t(-3).
13
Let b(a) = a**3 - a**2 + 5*a + 3. Determine b(4).
71
Let o(p) = -p**3 + 13*p**2 + 26*p + 51. Calculate o(15).
-9
Let h(s) = s**2 - 9*s + 21. What is h(6)?
3
Let n(c) = 28*c + 204. Give n(-7).
8
Let k(u) = -2*u**2 + 34*u - 54. What is k(15)?
6
Let v(i) = -i**2 - 8*i - 6. Give v(-9).
-15
Let r(f) = f**3 + 2*f**2 - 2*f - 6. Calculate r(-2).
-2
Let f(k) = -2*k + 32. Calculate f(3).
26
Let w(b) = -b + 6. Determine w(-6).
12
Let z(j) = -j**3 + 6*j**2 + 9*j - 17. Give z(6).
37
Let s(u) = -u**2 + 18*u + 3. Give s(18).
3
Let w(x) = -4*x**2 + 3*x - 6. Give w(3).
-33
Let q(l) = l - 8. What is q(-6)?
-14
Let k(c) = c**2 + c - 16. Calculate k(0).
-16
Let f(u) = 39*u - 664. Determine f(17).
-1
Let z(d) = 3*d - 39. Determine z(16).
9
Let g(s) = 12*s**2 - 4*s - 1. What is g(-1)?
15
Let p(z) = -28*z - 105. Determine p(-4).
7
Let f(m) = 3*m**2 + m + 4. Determine f(-2).
14
Let u(j) = -j**3 + 2*j. Give u(-1).
-1
Let b(x) = -63*x - 55. What is b(-1)?
8
Let h(d) = 24*d**3 - d - 1. Determine h(-1).
-24
Let a(f) = 4*f**2 - 10*f + 34. Determine a(5).
84
Let j(x) = x**2 + x - 8. Determine j(5).
22
Let j(t) = 2*t - 27. What is j(0)?
-27
Let c(k) = -12*k + 29. Determine c(5).
-31
Let g(b) = b**3 + 12*b**2 - 14*b - 10. Calculate g(-13).
3
Let s(i) = i**2 - 18*i - 91. Calculate s(22).
-3
Let f(t) = t**2 + 3*t - 2. What is f(2)?
8
Let h(c) = -2*c - 23. Give h(-17).
11
Let x(z) = 12*z - 131. What is x(12)?
13
Let s(m) = -3*m**3 - m**2. What is s(-1)?
2
Let p(x) = 2*x**2 - 2*x - 5. Calculate p(-2).
7
Let g(v) = 2*v**2 - 6*v - 1. What is g(-4)?
55
Let a(z) = z**3 - 5*z**2 + 3*z. Give a(5).
15
Let l(w) = w**2 - 23*w - 4. Calculate l(19).
-80
Let g(l) = 13*l - 77. What is g(5)?
-12
Let p(y) = -45*y**3 - y - 1. Give p(-1).
45
Let i(g) = 9*g + 5. Give i(-5).
-40
Let p(m) = -m - 60. What is p(27)?
-87
Let g(x) = -x**2 + 21*x + 358. Give g(-11).
6
Let y(z) = -4*z + 40. Give y(10).
0
Let p(a) = -a**3 + 2*a**2 - a - 3. Calculate p(0).
-3
Let b(t) = -6*t + 1. Calculate b(3).
-17
Let u(n) = n**3 + 13*n**2 + 14*n + 15. Give u(-12).
-9
Let c(b) = -5*b**2 + 21*b + 21. Give c(5).
1
Let q(p) = -11*p - 150. Calculate q(-8).
-62
Let g(i) = i**3 + 4*i**2 - 11*i - 12. Give g(-5).
18
Let l(f) = f**3 + 6*f**2 - 3*f - 8. Determine l(-6).
10
Let s(q) = q**3 + 17*q**2 + 17*q - 2. What is s(-16)?
-18
Let h(u) = -5*u + 12. Calculate h(15).
-63
Let q(m) = 3*m**2 + 7*m + 6. Determine q(-4).
26
Let b(c) = 2*c - 11. What is b(9)?
7
Let t(g) = 3*g + 9. Determine t(-5).
-6
Let r(b) = -8*b + 15. What is r(4)?
-17
Let k(i) = i**3 + 7*i**2 + i - 6. Determine k(-6).
24
Let f(s) = 32*s**2 + 1. Give f(-1).
33
Let n(d) = d - 7. What is n(9)?
2
Let x(n) = -n**3 + 21*n**2 + 15*n + 50. What is x(22)?
-104
Let j(u) = 17*u + 188. Calculate j(-11).
1
Let s(n) = n**3 + 5*n**2 - 9. Calculate s(-4).
7
Let j(t) = -t**2 - 22*t - 67. Calculate j(-18).
5
Let t(c) = c**3 + 3*c**2 + 2*c - 3. Determine t(-3).
-9
Let d(s) = -s**3 + 9*s**2 - 13*s + 1. What is d(6)?
31
Let v(i) = -i**3 - 20*i**2 - 17*i + 38. Determine v(-19).
0
Let b(g) = g**2 - 14*g - 21. Calculate b(18).
51
Let n(u) = 2*u**2 - 3*u + 6. Calculate n(0).
6
Let o(k) = -6*k**2 + 41*k + 4. Give o(7).
-3
Let q(x) = -x**2 - 13*x + 14. Calculate q(-17).
-54
Let a(j) = -j**2 + 15*j - 22. Determine a(14).
-8
Let v(s) = s**2 - 10*s - 3. What is v(7)?
-24
Let o(v) = -v**2 + 7*v + 48. Calculate o(11).
4
Let y(b) = -2*b**2 - 5*b + 1. Determine y(-6).
-41
Let g(t) = 102*t**2 - 3*t - 1. Give g(-1).
104
Let x(s) = 5*s**2 - 8*s + 7. Give x(1).
4
Let m(b) = -23*b + 463. Give m(20).
3
Let d(t) = -t**3 - 14*t**2 + 15*t - 17. Determine d(-15).
-17
Let v(y) = -y**2 - 2*y + 17. What is v(-4)?
9
Let i(l) = l**2 - 7*l + 2. What is i(7)?
2
Let k(g) = -g**3 + g**2 + 2*g. Determine k(-1).
0
Let x(h) = 2*h - 7. Calculate x(0).
-7
Let a(l) = l**3 + 10*l**2 + 16*l - 11. Determine a(-6).
37
Let s(n) = -44*n + 302. Calculate s(7).
-6
Let d(c) = -2*c - 3. Calculate d(-1).
-1
Let y(a) = -a - 6. Determine y(17).
-23
Let q(i) = 16*i - 6. Determine q(-3).
-54
Let h(p) = -11*p - 2. Determine h(-4).
42
Let l(o) = 39*o - 235. Calculate l(6).
-1
Let b(l) = -15*l**2 - l + 2. Calculate b(1).
-14
Let r(x) = 16*x + 200. Give r(-13).
-8
Let i(z) = -z**2 + 35*z - 84. Give i(32).
12
Let s(j) = -j**2 + 10*j + 18. What is s(11)?
7
Let v(w) = -w**2 - 8*w + 15. What is v(-10)?
-5
Let i(b) = -6*b**2 - 217*b - 35. What is i(-36)?
1
Let f(g) = -g**2 + 3*g + 3. Give f(3).
3
Let t(o) = -o + 14. Calculate t(-14).
28
Let v(w) = 2*w**2 - 12. Calculate v(3).
6
Let l(x) = -40*x - 28. What is l(-3)?
92
Let j(p) = -p**3 - 4*p**2 + 14*p + 21. What is j(-6)?
9
Let p(d) = 2*d**3 + 12*d**2 + 3*d + 10. Give p(-6).
-8
Let g(y) = -y**3 - 5*y**2 + 4*y - 20. Determine g(-6).
-8
Let i(v) = -v**3 - 3*v**2 - 7*v - 4. What is i(-5)?
81
Let g(i) = 6*i - 108. What is g(18)?
0
Let a(q) = q**3 - 12*q**2 - 14*q - 1. Determine a(13).
-14
Let f(o) = 3*o - 15. What is f(6)?
3
Let n(l) = l**2 + 3*l + 3. Calculate n(-5).
13
Let v(m) = -m**3 + 14*m**2 - 19*m + 31. What is v(12)?
91
Let r(i) = i**2 + 4*i - 1. Give r(-2).
-5
Let r(x) = x**3 + 25*x**2 + 48*x + 45. Give r(-23).
-1
Let i(m) = 3*m + 21. Give i(0).
21
Let c(l) = 5*l - 73. Give c(17).
12
Let o(f) = -2*f - 14. Determine o(-13).
12
Let d(m) = 4*m**2 - 5*m + 4. What is d(2)?
10
Let r(k) = -13*k. Give r(1).
-13
Let g(d) = -d**2 - 9*d - 45. Give g(-4).
-25
